
Let f(o) = 3*o**2 - 237*o + 4545. What is f(34)?
-45
Let i(q) = -113*q + 1675. Determine i(10).
545
Let g(v) = 1034*v - 5. Determine g(0).
-5
Let x(k) = -9919*k + 1209960. Calculate x(122).
-158
Let y(k) = 14*k**2 + 7040*k - 57239. Calculate y(8).
-23
Let g(p) = 380113*p - 5321599. Determine g(14).
-17
Let f(d) = -d**3 + 535*d**2 + 366*d - 480598. What is f(534)?
2
Let t(s) = -12*s**2 - 634*s - 8907. Give t(-13).
-2693
Let u(s) = -7207*s - 122521. Determine u(-17).
-2
Let b(t) = -1664*t**2 - 1819*t - 1818. What is b(-1)?
-1663
Let q(o) = -o**3 + 17*o**2 - 106*o + 361. What is q(10)?
1
Let g(j) = 7*j**2 - 450*j + 6018. What is g(19)?
-5
Let f(o) = 4*o**2 + 266*o + 3806. Calculate f(-20).
86
Let s(h) = -79*h**3 + 397*h**2 + 198*h - 1039. Determine s(5).
1
Let b(l) = -223*l + 6721. Calculate b(30).
31
Let u(d) = -14349*d - 387586. Give u(-27).
-163
Let q(d) = 577*d - 346. Calculate q(1).
231
Let t(v) = -v**3 - 2*v**2 + 82*v - 79. Calculate t(-11).
108
Let z(m) = -4*m**2 - 585*m - 4576. Determine z(-8).
-152
Let l(z) = -328*z**2 - 7*z + 23. Give l(2).
-1303
Let l(u) = -110*u**2 + 11322*u + 805. Calculate l(103).
-19
Let u(t) = -324*t - 73842. Calculate u(-228).
30
Let t(b) = -8*b**3 - 11*b**2 + 3212*b - 6403. What is t(2)?
-87
Let n(t) = t**3 + 254*t**2 - 559*t - 12034. Determine n(-256).
-2
Let r(a) = -a**2 - 1336*a - 5329. Calculate r(-4).
-1
Let i(a) = 2*a**2 + 20823*a - 857333. Give i(41).
-228
Let m(r) = 9*r**3 - 15*r**2 + 2863*r - 2845. Calculate m(1).
12
Let i(f) = -231*f + 4309. Determine i(22).
-773
Let l(u) = 5*u**3 - 2259*u**2 + 1817*u - 5832. Give l(451).
31
Let b(l) = -3*l**2 - 885*l - 65217. Determine b(-143).
-9
Let g(r) = 3825*r**2 - 11484*r + 57. Determine g(3).
30
Let n(q) = 97*q**2 - 243*q + 82. Determine n(1).
-64
Let y(i) = -8607*i - 11524. What is y(-2)?
5690
Let h(m) = -12*m**2 + 2011*m + 6040. Calculate h(-3).
-101
Let n(a) = -a**3 + 57*a**2 + 106*a + 4332. What is n(60)?
-108
Let k(q) = 2*q**2 - 82*q - 1181. What is k(37)?
-1477
Let k(o) = -69*o**3 - 7*o**2 - 23*o - 40. Calculate k(0).
-40
Let h(n) = 1570*n + 4715. Calculate h(-3).
5
Let h(q) = q**3 - 4*q**2 + 9694*q - 38785. What is h(4)?
-9
Let m(f) = 2*f**3 - 682*f**2 + 2705*f - 2978. What is m(337)?
55
Let b(s) = -609*s + 17899. Give b(31).
-980
Let y(u) = 2*u + 495. Give y(19).
533
Let r(m) = m**3 + 181*m**2 - 504*m + 43627. Determine r(-185).
-33
Let c(m) = m**2 + 1934*m + 384520. What is c(-225)?
-5
Let b(g) = 11*g**3 + g**2 - 11*g + 20. What is b(-4)?
-624
Let l(q) = 3*q**3 - 93*q**2 + 869*q - 23367. Calculate l(30).
3
Let m(l) = 2*l**2 - 1256*l - 375237. Give m(-221).
21
Let b(k) = k**3 + 1320*k**2 + 96880*k + 303. Determine b(-78).
-9
Let i(w) = -w + 1655. What is i(173)?
1482
Let r(i) = -2224*i**2 + 39979*i + 939. What is r(18)?
-15
Let z(b) = -b**3 + 315*b**2 - 12150*b - 1. What is z(45)?
-1
Let h(d) = -405865*d - 5276252. Calculate h(-13).
-7
Let v(o) = -o**3 - 17*o**2 + 25*o + 667. Give v(6).
-11
Let n(f) = 16*f**3 - 448*f**2 - 57*f + 77. Give n(28).
-1519
Let y(d) = -270115*d - 5942540. Give y(-22).
-10
Let c(z) = -2*z**3 - 532*z**2 - 17648*z + 2279. What is c(-39)?
17
Let n(q) = -39*q - 1937. Calculate n(-38).
-455
Let n(f) = 1312*f + 41947. Give n(-32).
-37
Let i(y) = -133*y**2 - 40428*y + 1392. What is i(-304)?
176
Let j(t) = -2*t**3 + 47*t**2 + 10917*t + 849. Determine j(-63).
-285
Let f(a) = 3*a**3 + 36*a**2 - 1255*a + 4255. Calculate f(4).
3
Let s(y) = 7*y**2 - 507*y - 6841. Calculate s(84).
-37
Let v(z) = 2*z**2 - 162*z - 2466. What is v(93)?
-234
Let b(n) = n**2 + 1680*n - 23732. Give b(14).
-16
Let x(a) = -8068*a - 976147. What is x(-121)?
81
Let p(d) = 45*d**2 + 3650*d - 29. Calculate p(-82).
3251
Let n(s) = -5401*s + 648119. Calculate n(120).
-1
Let j(f) = -6*f**2 + 33240*f + 99713. Give j(-3).
-61
Let l(a) = a**3 + 200*a**2 + 7137*a - 24179. What is l(-152)?
-11
Let j(p) = 35*p**2 - 3*p - 5. What is j(-2)?
141
Let q(z) = z**3 - 219*z**2 + 4350*z + 30971. Give q(196).
3
Let s(a) = -92*a + 7350. What is s(71)?
818
Let f(i) = i**3 + 5*i**2 - 450*i + 2599. Determine f(7).
37
Let o(d) = 2*d**2 - 436*d + 4695. Give o(207).
141
Let x(f) = 27*f**2 + 1220*f - 34. Determine x(-44).
-1442
Let j(k) = -47*k**2 - 402*k - 1212. Determine j(-3).
-429
Let c(h) = h**2 - 70*h + 616. Calculate c(53).
-285
Let f(i) = 6*i**2 - 74*i - 294. Determine f(-19).
3278
Let s(v) = -5*v**2 - 619*v - 14191. What is s(-93)?
131
Let f(j) = j**2 - 6422*j - 141759. Calculate f(-22).
9
Let u(g) = 4*g**3 + 33*g**2 + 285*g + 1651. Determine u(-7).
-99
Let g(f) = -70870*f - 10134392. Determine g(-143).
18
Let y(a) = -98*a**2 - 11650*a + 1423. Give y(-119).
-5
Let x(o) = 4*o**2 - 359*o + 6588. Give x(25).
113
Let u(s) = s**3 - 73*s**2 - 152*s - 38. Give u(75).
-188
Let a(p) = 12800*p + 139482. Calculate a(-11).
-1318
Let v(u) = -u**3 - 181*u**2 - 746*u - 6728. Determine v(-177).
-2
Let o(a) = -2*a**3 + 2882*a - 5773. What is o(2)?
-25
Let w(q) = -4*q**3 - 75*q**2 - 261*q - 88. Determine w(-3).
128
Let q(a) = a**3 + 1243*a**2 - 78189*a + 225. Determine q(60).
-315
Let u(h) = 3*h**3 - 53*h**2 - 143*h + 34. Determine u(20).
-26
Let j(a) = a**3 + 89*a**2 + 279*a - 5186. What is j(-85)?
-1
Let f(b) = 64*b**2 - 116*b - 143. What is f(-1)?
37
Let l(y) = -16*y**2 - 8444*y - 56266. Determine l(-521).
2
Let i(n) = 8*n**2 + 68*n - 144. Calculate i(13).
2092
Let k(l) = -29238*l + 126. Determine k(0).
126
Let z(j) = 2*j**3 - 60*j**2 - 1850*j + 55394. What is z(29)?
62
Let f(h) = 589*h**3 - 2946*h**2 + 5*h + 4. Calculate f(5).
4
Let s(d) = 655*d - 89940. Give s(137).
-205
Let s(i) = -30*i**2 - 14015*i + 70068. Give s(5).
-757
Let a(c) = 1055*c - 260889. What is a(247)?
-304
Let y(w) = -3314*w - 119357. Calculate y(-36).
-53
Let n(u) = -1108*u + 11376. Give n(10).
296
Let w(s) = 15*s**2 - 42*s - 94. Give w(7).
347
Let j(g) = -3*g**2 + 200*g + 1420. Calculate j(69).
937
Let s(o) = -38*o**2 + 569*o - 485. Calculate s(14).
33
Let i(g) = -6*g + 77. Give i(100).
-523
Let k(v) = v**3 + 102*v**2 + 567*v + 592. Determine k(-96).
1456
Let b(x) = 522*x**2 + 13614*x + 1061. Calculate b(-26).
-31
Let l(n) = 2*n**3 + 1318*n**2 - 28559*n + 713. What is l(-680)?
33
Let i(u) = -u**3 + 115*u**2 - 585*u + 4400. Give i(110).
550
Let n(b) = -b**2 + 370*b + 236177. Determine n(-335).
2
Let o(s) = s**3 - 127*s**2 - 264*s + 612. Give o(129).
-162
Let y(n) = 246*n**2 + 2011*n + 2009. Calculate y(-1).
244
Let k(o) = -3*o**2 - 395*o + 103160. Calculate k(131).
-68
Let y(t) = t**3 + 24*t**2 + 18*t + 828. Calculate y(-20).
2068
Let i(d) = -115*d + 8318. What is i(72)?
38
Let d(y) = 508*y + 18927. Determine d(-30).
3687
Let c(d) = -d**3 - 83*d**2 - 1283*d + 1293. Calculate c(-22).
-5
Let o(i) = -734*i**2 + 8*i + 14. Determine o(1).
-712
Let n(f) = 6615*f - 65189. Determine n(10).
961
Let a(o) = -75*o - 4000. Calculate a(-57).
275
Let l(j) = -29*j**3 + 230*j**2 - 31*j + 383. Calculate l(8).
7
Let p(f) = -f**3 - 1975*f - 16305. Give p(-8).
7
Let d(p) = -1916*p - 31647. Determine d(-17).
925
Let i(t) = 18984*t + 37967. What is i(-2)?
-1
Let z(s) = -219*s**3 + 4*s**2 + 23*s + 17. What is z(-1)?
217
Let a(u) = -142526*u + 1995447. Determine a(14).
83
Let r(j) = j**3 + 65*j**2 + 222*j + 4213. What is r(-63)?
-1835
Let w(z) = 2*z**3 + 220*z**2 + 250*z - 2796. Give w(3).
-12
Let q(u) = -10694*u - 2684189. Calculate q(-251).
5
Let a(x) = 36*x - 770. Determine a(18).
-122
Let d(n) = -n**3 - 18*n**2 + 310983*n + 5286995. Give d(-17).
-5
Let y(d) = -22637*d + 45372. What is y(2)?
98
Let u(n) = 3*n**3 - 2184*n**2 - 2379*n + 139961. Calculate u(729).
-7
Let g(x) = 45*x**2 + 15923*x - 2473. What is g(-354)?
5
Let g(a) = 8*a**3 - 40*a**2 + 24*a - 404. What is g(6)?
28
Let c(n) = -n**3 + 50*n**2 + 18803*n + 55922. Calculate c(-3).
-10
Let n(y) = -2407*y - 2385. Give n(-1).
22
Let r(h) = 185*h**2 + 1113*h + 1. Calculate r(-6).
-17
Let a(n) = -8*n + 6529. Give a(123).
5545
Let z(i) = 2*i**2 - 182*i + 3296. Give z(23).
168
Let v(u) = -3*u**2 + 3043*u - 18175. Give v(6).
-25
Let z(a) = 11580*a + 35064. Calculate z(-3).
324
Let y(q) = -q**2 - 65*q - 1421. What is y(-49)?
-637
Let r(f) = -16*f**2 + 132*f - 65. Determine r(10).
-345
Let n(p) = 8676*p - 425117. What is n(49)?
7
Let b(p) = -90*p + 2981. Give b(31).
191
Let x(a) = a**3 - 44*a**2 - 229